 42 = 0, 116 = -s*t - 4*h. Let o = 43 + t. Let r(a) = a**3 - a**2 - 4*a. Calculate r(o).
6
Suppose 0 = -5*m - 5*k - 25, m = 6*k - 3*k - 1. Suppose -6*i = 4*i + 100. Let f be (-1)/((-38)/i + m). Let j(o) = o**3 - 5*o**2 + 3*o. What is j(f)?
15
Let h(t) = 10*t - 1. Let w(p) = -p + 1. Let o(g) = -h(g) - 3*w(g). Let m = 57558 - 57556. What is o(m)?
-16
Let y(b) = b**3 + 8*b**2 - 4. Let i(k) = -k**3 + 31*k + 58. Let o be i(-3). Give y(o).
-4
Let d(h) = -2*h**2 - 3*h + 2. Let v(x) = 13*x**2 + 27*x - 20. Let a(s) = -6*d(s) - v(s). Determine a(-13).
-44
Suppose 15*u = 32*u - 1411. Suppose -11*p + u = -38. Let m(l) = l**3 - 11*l**2 + 4*l - 2. Give m(p).
42
Let m(l) = 10*l + 1. Let u = 2156 + -2159. Calculate m(u).
-29
Let i = -16 + 48. Let t(v) = -i + 56 - 49 + v. Calculate t(0).
-25
Let q(x) be the first derivative of -x**3/3 + 27*x**2/2 - 57*x + 1361. Give q(25).
-7
Let o(l) = -2*l**3 + 3*l**2 - 3*l. Let u(b) = b**2 - 3*b - 4. Let a be -2 + 25/20 - 26/8. Let j be u(a). Let q be j/(-6)*(-1)/2. Calculate o(q).
-10
Let s(j) be the second derivative of 0 + 3/2*j**2 - 1/20*j**5 + 1/12*j**4 + 2/3*j**3 + 15*j. What is s(3)?
-3
Let c = 657 + -512. Suppose -c = 16*v - 113. Let d(q) = -q. Give d(v).
2
Suppose -6*f = -j - 2*f - 117, 364 = -3*j - f. Suppose -614 = 5*i + 36*y - 37*y, 4*y + 496 = -4*i. Let o = j - i. Let n(z) = 3*z**2 + 3*z - 3. Give n(o).
15
Suppose 0 = 17*s - 11*s + 252. Let o = -48 - s. Let i be 5 + (-7)/(14/o). Let q(d) = -d**2 + 8*d + 7. Calculate q(i).
7
Let f(x) be the third derivative of -4*x**2 - 1/3*x**3 + 1/24*x**4 + 0*x + 0. Suppose 32*s = 30*s + 14. Give f(s).
5
Let u(f) = 4*f + 130. Let x be 230/(-29) + 8 - 7672/232. What is u(x)?
-2
Let w(u) be the third derivative of -u**4/24 - 7*u**3/6 - 4*u**2. Let q = -12 + 32. Suppose -4*h = 8 + q. What is w(h)?
0
Let v(z) = -8*z**2 - 18*z - 3. Let w be v(-2). Let i(h) = 35*h**2 + 3*h - 4. Calculate i(w).
34
Let y = 180 + -175. Suppose 0 = 3*w - 5*t + 37, y*w + 25*t - 22*t = -39. Let h(g) = -g + 6. Calculate h(w).
15
Let c(v) = 5*v**3 - v**2 - 3*v + 17. Let l(k) = 6*k**3 - 3*k**2 - 3*k + 17. Let h(q) = -5*c(q) + 4*l(q). Determine h(-8).
23
Let q(p) = -p**2 + p - 21. Let w = 22189 + -22189. Give q(w).
-21
Let x(g) = -16*g + 100. Let y(m) = -27. Let p(a) = -x(a) + 2*y(a). Determine p(8).
-26
Let k(t) = 0*t**3 + 0 + 2 - t**2 - 4*t**3. Let u be (0/(-3) + -1)/((-21)/(1932/46)). Determine k(u).
-34
Let i(g) = 2*g**3 + 7*g**2 + g - 3. Let q(d) = 3*d**3 + 9*d**2 + d - 4. Let y(h) = -4*i(h) + 3*q(h). Let j be (-7)/(21/6) - -5. Give y(j).
15
Let f(p) = -p**3 + 22*p**2 - 85*p + 6. Let k be f(17). Suppose -n + 3 = 0, -k*u = -7*u + 3*n - 14. Let j(c) = -3*c - 4. What is j(u)?
11
Suppose 295 - 1559 = -16*q. Let t(s) = 11*s**3 - 73*s + 11*s**2 - q*s + 153*s - 13*s**2. Calculate t(1).
10
Let a(g) be the third derivative of -g**5/20 + 2*g**4/3 - g**3/2 + 6778*g**2. Calculate a(5).
2
Let p = 15380 - 15377. Let g(z) be the second derivative of -1/6*z**p + z**2 + 0 - 6*z. What is g(-3)?
5
Let p(h) = -5*h + 7. Suppose -12*w + 2402 = -394. Suppose 237*v = w*v + 12. What is p(v)?
-8
Let k(z) = -z**2 - 13*z + 6. Let j(q) = 153*q - 2460. Let c be j(16). What is k(c)?
18
Let b(a) = -2*a**3 + 6*a**2 - 52. Let v(c) = -3*c**3 + 3*c**2 + c - 53. Let d(u) = 4*b(u) - 3*v(u). What is d(-15)?
-4
Let w(i) = i**3 - 18*i**2 - 77*i + 311. Let d be w(21). Let f(v) = -v**2 + 7*v + 157. What is f(d)?
-13
Let v(l) be the second derivative of -5*l**4/12 + 11*l**3/3 + 4*l**2 + 10*l + 4. Let p be v(5). Let m(k) = -k**2 - 7*k - 9. Determine m(p).
-9
Let q(v) = 51 - 1405*v - 45 - 1408*v - 1401*v + 4213*v. Let b = -6 + 1. What is q(b)?
11
Let m(k) = -3*k**2 + 17*k - 5. Suppose 0 = 113*l - 45*l - 476. Determine m(l).
-33
Let r = 10693 + -10686. Let j(v) be the second derivative of v**4/12 - 5*v**3/6 + 3*v**2/2 - 12*v. What is j(r)?
17
Let o(d) = d**2 + 23*d + 31. Suppose i = -f - 24, 0 = -4*f - 5*i + 2*i - 93. Give o(f).
-11
Let d(l) = -l**3 - 18*l**2 + 134*l - 37. Let g be d(5). Let f(s) = s**2 - 55*s - 164. Calculate f(g).
10
Let h(p) = -p**2 + 9*p + 487. Let t be h(27). Let n(u) = -51*u**3 + u**2 - 2*u + 1. What is n(t)?
-51
Let t(l) be the third derivative of -l**4/8 + 6*l**3 + 51*l**2 - 100*l - 1. Give t(23).
-33
Let d(p) be the first derivative of -2*p**3/3 - 3*p**2 - 2*p - 5. Let w = 83 - 81. Suppose -w*f + 2*v = -4 + 2, 5*f = v - 15. Calculate d(f).
-10
Let b(a) = -a**3 - 8*a**2 - 6*a + 5. Let x(o) = 26*o + 19. Suppose -3*f = -5*p + 13, f - 5*p + 7 = -4. Let v be x(f). Give b(v).
-2
Let o(j) = 501*j - 380 - 498*j + 372. Give o(6).
10
Let g(q) = -q**3 + 14*q**2 - 9*q - 16. Let u be g(11). Suppose -3*s - u = -7*s. Let o = -63 + s. Let j(k) = 4*k**2 + 1. Determine j(o).
5
Let k(x) = 2*x + 36. Suppose -164*r = -122*r. Give k(r).
36
Let t(n) be the second derivative of -n**4/12 - n**3/6 + 3*n**2/2 - 869*n. What is t(-2)?
1
Let j be -2*(13 + 7)/5. Let m(i) = i**2 - 3. Give m(j).
61
Suppose -i - 3*h - 270 = -2*i, -2*h = -4. Let k = i + -272. Let x(y) = y + 3. What is x(k)?
7
Let o(q) = -q**3 - 16255*q + 32513*q - 5 - 2*q**2 - 16255*q. Give o(0).
-5
Let g(x) = x**3 - 3*x**2 + 3*x + 7. Let t(w) = -3*w**3 + 5*w**2 - 6*w - 14. Let f(m) = -5*g(m) - 2*t(m). Let b = -618 - -613. What is f(b)?
8
Let l(d) be the third derivative of -d**6/120 + d**5/30 + d**4/12 - d**3/3 + 6090*d**2. What is l(6)?
-134
Let r = 395 - 401. Let s(h) be the first derivative of h**2/2 + h - 12. Calculate s(r).
-5
Suppose 27 = -6*n - 15. Let f be 0 + n/((-7)/12). Suppose -3*v + v = f. Let m(b) = -b**3 - 7*b**2 - 7*b - 3. Determine m(v).
3
Let w(a) = a**2 + 1. Let i(j) = -5*j**2 + j - 9. Let g = -14 + 8. Let v(h) = g*w(h) - i(h). Suppose -5*o = -16*o. Calculate v(o).
3
Let i(a) be the third derivative of a**5/30 - 9*a**4/4 + 29*a**3/6 - 297*a**2 + 2*a - 3. What is i(27)?
29
Let c(x) = 13*x**3 + 8*x**2 - 24*x + 26. Let a(v) = -12*v**3 - 8*v**2 + 21*v - 27. Let b(u) = 12*a(u) + 11*c(u). Determine b(-7).
-3
Let v be 6199/(-18597) - (2 - 4/3). Let n(d) = 4*d - 3*d + 3*d - 4. Calculate n(v).
-8
Let h(f) be the second derivative of 3*f**3/2 + 119*f**2/2 + 39*f + 6. What is h(-14)?
-7
Suppose -8*b - 53 = 35. Let c(q) = -19*q - 216. Let x be c(b). Let j(i) = -2*i - 10. What is j(x)?
4
Let m = -1795 - -1795. Let v(u) be the first derivative of -u**5/120 + u**4/8 + u**3/3 - 3. Let f(a) be the third derivative of v(a). Give f(m).
3
Let c = -34 + -19. Let h = c + 86. Let l(q) = -h*q - 27*q + 59*q + 10. Calculate l(8).
2
Let y(d) = -2*d**2 + 11*d - 11. Let f = 1076 + -1069. Give y(f).
-32
Let u(l) = 6*l**2 + 1. Let c be u(-1). Let j(i) = 0 - c + 2 + 2*i - 4. Let r be 44/7 - 0 - (-10)/(-35). What is j(r)?
3
Let b(c) = -c**2 + 11*c + 13. Let q be 3/6 + (-10)/(-4). Let z be 7/21 + 35/q. Let y be b(z). Let l(i) = i**2 - 1. Calculate l(y).
0
Let n(w) = w**2 + 4*w - 14. Let x be (-40)/(-4 - 6) + -15. What is n(x)?
63
Let y(b) = -6 - 2 - 257*b**3 - 1 - 8*b**2 + 256*b**3 - 7*b. Suppose -7*s + 4*s + 9 = 0, -4*g - 34 = -2*s. Calculate y(g).
-9
Let v(x) = -5*x**2 - 75*x + 36. Let g(d) = 2*d**2 + 27*d + 1. Let t(l) = -2*g(l) - v(l). Calculate t(-20).
-58
Suppose 19*h - 102 - 54 - 243 = 0. Let t(j) = -3*j + 58. Give t(h).
-5
Let x(g) = -5*g**3 + 4*g**2 - 3*g + 4*g**3 + 964 - 960. Let i = 30 - 34. Let v be (-6)/i - 15/(-6). Give x(v).
-8
Let n(v) be the second derivative of v**4/6 - v**3/6 + 19*v**2/2 + 2*v + 6. Let t(c) be the first derivative of n(c). Let b be 1 + -2 + (-1)/1. What is t(b)?
-9
Let g(a) = -2*a**2 - 24*a + 17. Let w(b) = -10*b + 57. Let f be w(7). Let d be g(f). Let u(r) = r**3 + 9*r**2 - r + 5. What is u(d)?
14
Suppose -184*c + 60*c = -124. Let v(h) = -100*h**3 - h**2 + 1. Give v(c).
-100
Let z(i) = 16*i - 198. Let l(d) = 2*d - 26. Let r(u) = 21*l(u) - 3*z(u). Calculate r(5).
18
Let k(a) = -a**3 - 11*a**2 + 9*a - 11. Let l be k(-12). Let r be (-424)/20 + 5/l. Let m be -4 + (-2)/9 + r/27. Let y(s) = s + 3. Determine y(m).
-2
Suppose 4*t - 1 = 7. Let c(x) = -10840*x + 10841*x + 0 - t. Calculate c(-6).
-8
Let c(k) = -3*k**2 - 1 + 5 + 12 - 1 + k**3 + 10*k**2 - 16*k. Let f be c(-9). Let p(z) = z + 4. Calculate p(f).
1
Let b(r) be the first derivative of -r**4/12 + 2*r**3/3 + r**2/2 - 95*r - 76. Let c(p) be the first derivative of b(p). What is c(6)?
-11
Let a(t) = -5*t**2 + 28*t + 3.